t f be o(-11). Let t = f - -45. Let c = 77 - t. What is the tens digit of c?
9
Suppose 4*h = -3*a + 308 + 293, 0 = 5*a - 3*h - 1050. What is the units digit of a?
7
Let z = -17748 + 33105. What is the ten thousands digit of z?
1
Let x(c) = -59*c**3 - 2*c**2 - 3*c - 2. Suppose 32 + 28 = h. Let v be (10/(-12))/5 - h/72. What is the tens digit of x(v)?
5
Suppose -2*p = 5*c - 4 + 1, 5*c - 30 = -5*p. Suppose -372*b + 373*b - p = 0. Suppose 1188 + 810 = b*j. What is the tens digit of j?
2
What is the hundreds digit of 4/(-74) + 1375092/444?
0
Let z(p) = 176*p + 23. Let r be z(5). Suppose -4*s - 12 = 0, -466 - r = -5*v + 3*s. Suppose v = 6*d - 94. What is the units digit of d?
1
Suppose 0 = -2*k - 0*k + 6. Let l(x) = 9 - 3*x + 3*x - 6*x - x + 12*x**2. What is the tens digit of l(k)?
9
Let l be 255*(-680)/(-144) + 2/(-12). Let i = -561 + l. What is the units digit of i?
3
Suppose 5*o - 16*x - 40153 = -15*x, 0 = -4*o - x + 32117. What is the tens digit of o?
3
Let u(h) be the second derivative of h**3/3 + 13*h**2 + 5*h. Let o be u(-13). Suppose -17*y + 22*y - 520 = o. What is the units digit of y?
4
Suppose -4*n - x = 2*x - 26577, -5*x + 13285 = 2*n. What is the thousands digit of n?
6
Let m = -599 - -600. What is the units digit of 232/12*63 + m + 4?
3
Suppose -4*f - 3*v + 4 = 0, -3*f - 6*v - 4 = -2*v. Suppose -f*p + 8 + 0 = 0. Suppose -q + p*q = 5*i - 427, 2*i = -4*q + 184. What is the units digit of i?
6
Let j = -31488 + 55047. What is the tens digit of j?
5
Suppose 0 = -3*r - 3*j + 9878 + 12442, 3*r - 22323 = -4*j. What is the thousands digit of r?
7
Suppose -5*p - 5*k = -k - 4017, -3*p + 2418 = 5*k. Let d = p + -509. What is the tens digit of d?
9
Let f = -62 - -3945. What is the hundreds digit of f?
8
Let v = -203 - -220. Suppose -3*m - 19*r = -v*r - 760, r = m - 245. What is the units digit of m?
0
Suppose 2*z - 24*g + 1260 = -29*g, 1877 = -3*z - g. Suppose -5*w - 4540 = 3*x, -5*x - 54 = w + 854. Let l = z - w. What is the units digit of l?
3
Suppose 4 + 4 = 2*u, 3*i - 2*u = 961. Let h = i - 166. Let l = 331 - h. What is the units digit of l?
4
Suppose 3*f - 18*f + 20006 = 8156. What is the hundreds digit of f?
7
Let t(j) = -2*j - 11. Let o = -19 - -14. Let x be t(o). What is the tens digit of (x/2)/(3/(-414))?
6
What is the hundreds digit of (-2)/12 + (-1929684)/32*28/(-63)?
8
Let h(q) = 3 + 4 + 28*q - 4 - 9*q. Let n be (1 - (-14)/(-8))/((-18)/144). What is the hundreds digit of h(n)?
1
Suppose -784 = -19*q + 12*q. Suppose 2*r = q + 70. What is the units digit of r?
1
Let j = -109 + 115. Let x be 54/(((-9)/j)/(-3)). Suppose 5*o + x = 8*o. What is the units digit of o?
6
Let m(p) = -121*p**3 + 9*p**2 + 38*p + 348. What is the units digit of m(-8)?
2
Suppose 4*a - 26 + 6 = 0. Let k be (1 - -1)*(-35)/((-665)/38). Suppose a*j - k*c - 440 = 2*j, -c - 148 = -j. What is the units digit of j?
2
Let g = 9 - -13. Suppose -27*o = -g*o - 245. Suppose 0*u = 5*u - 25, 0 = i + 5*u - o. What is the units digit of i?
4
Let h(y) = -186*y + 2297. What is the units digit of h(-16)?
3
Let y = -8738 + 18492. What is the tens digit of y?
5
Let x(u) be the first derivative of 31*u**3/3 - 15. Suppose 0 = 2*t - 0*j + j - 7, 2*j = 3*t. What is the units digit of x(t)?
4
Suppose -2*j = -2*v, 4*j = 5*v - 0 - 4. Suppose 5*w = 5*m + 1920, v*w + 0*w - 2*m - 1544 = 0. What is the tens digit of w?
8
Let w be -3*(2560/15)/(-2). Suppose 9*b = 13*b + w. Let m = b + 219. What is the hundreds digit of m?
1
Suppose -5078 + 26528 = -14*l + 17*l. What is the hundreds digit of l?
1
Suppose 23*d - 11 = 22*d. Suppose -5*j + 301 = 46. Suppose -5*v = 2*b - 44, -4*v - d - j = -2*b. What is the tens digit of b?
2
Let u = 193 + -270. Let a = u + 79. What is the tens digit of ((-9)/a - -4)*-206?
0
Let p = 356 + 245. Let i = p + -224. What is the tens digit of i?
7
Suppose -578*h = -542*h - 1156284. What is the units digit of h?
9
Let m(t) = 6*t**2 + 13*t - 16. Let k be m(-12). Let y be k - (-1 + -4) - 3. Suppose 5*g = -2*c + y, 3*g + 0*c - 404 = 5*c. What is the tens digit of g?
3
Let y be ((-45)/(-18))/(51/36 - 1). Suppose -84 + 342 = y*h. What is the tens digit of h?
4
Suppose 0 = 2*t + k - 9, 8 = 4*t - 5*k - 3. Suppose -27435 - 385 = -t*a. What is the units digit of a/35 + 6/21?
9
Let g(f) be the second derivative of f**5/10 - 2*f**4/3 - 4*f**3/3 - 6*f**2 - 6*f. Let h be g(-4). Let i = -64 - h. What is the hundreds digit of i?
1
Suppose -4*p = 5*j - 258577 + 95435, -5*p + 130510 = 4*j. What is the thousands digit of j?
2
Let q = 7476 + 902. What is the hundreds digit of q?
3
Let v(d) = 194*d**2 - 210*d - 1036. What is the hundreds digit of v(-5)?
8
Let l(j) = 163*j - 172. Let x be l(4). Suppose 0 = 4*y - k + 4*k - x, k = 3*y - 373. What is the hundreds digit of y?
1
Let t = 6 + -1. Let f = 3564 - 3554. Suppose t*i + 60 = f*i. What is the units digit of i?
2
Let x(v) = 3*v**3 + 6*v**2 - 26*v + 108. What is the tens digit of x(14)?
5
Let z(j) = 273*j + 5940. What is the thousands digit of z(52)?
0
Suppose -13*t + 5*t = 160. Let k(g) = g**2 + 10*g - 117. What is the tens digit of k(t)?
8
Suppose -3*t = 2 - 44. Suppose -2*j + 3*l = -1 + 34, -l + t = -j. Let y(k) = -23*k - 29. What is the units digit of y(j)?
8
What is the tens digit of 20/6*(-10761)/(-1055)?
3
Suppose 4*z - 8504 = -4*r, -8*r + 6*r - 10658 = -5*z. What is the hundreds digit of z?
1
Let s = 73 + -68. Suppose 0 = -s*r + 13 + 12. Suppose n = 3*k - 8*k + 40, 0 = -r*k + 5*n + 70. What is the units digit of k?
9
Let w = 4143 + 25684. What is the thousands digit of w?
9
Suppose -f - 2900 = -2*c - 12633, 2*f = -5*c + 19439. What is the tens digit of f?
2
Let l be 2 - 4 - (11 - (-7712)/(-16)). Let o = 10 - 6. Suppose o*m - l = -57. What is the tens digit of m?
0
Let r(v) = 782*v**2 - 17*v - 49. What is the units digit of r(-3)?
0
Let o = 10723 - 20127. What is the thousands digit of -4*o/24 - (-2)/(-6)?
1
Let h(a) = -6*a**3 - 46*a**2 + 8*a + 1. Suppose 6*q + 41 = -7. What is the units digit of h(q)?
5
Let b = -1595 - -906. Let w = 1131 + b. What is the units digit of w?
2
Suppose -33541 - 7479 = 64*a - 84*a. What is the tens digit of a?
5
Let z be 2/14 - (1 - (-26403)/(-7)). Suppose -16*r = -2053 - z. What is the units digit of r?
4
Suppose 87*p - 92*p - 2*r + 150204 = 0, -5*p = -r - 150228. What is the thousands digit of p?
0
Suppose r + 2*r + 1141 = 2*g, 0 = 2*r - 4*g + 758. Let p = -248 - r. What is the units digit of p?
3
Suppose 0*y + 32*y - 15328 = 0. What is the hundreds digit of (5 + y + -8)/2?
2
Suppose -31*f + 26*f = -20. Suppose 0*y = y - f*u - 5, 0 = 3*y - u - 26. What is the units digit of 2/(-6) + 21/y + 70?
2
Suppose 48 = -27*w + 51*w. Let z(x) = 326*x**2 - 8*x + 23. What is the thousands digit of z(w)?
1
Suppose -4*r - 2*f + 124116 = 0, 425*r - 430*r = 5*f - 155150. What is the tens digit of r?
2
Suppose 4*s + 29 = 1. Let y(l) = 5*l**2 + 10*l + 3. Let w be y(s). Let j = w + -122. What is the units digit of j?
6
Let s be (-4)/(-18) + (-34)/(-9). Let a be 6/(-66) + 136/44. Suppose a*f - 313 = -s*h, 0*h - 155 = -2*h - 3*f. What is the units digit of h?
9
Let z(o) = 470*o - 1464. What is the tens digit of z(47)?
2
Suppose l = u - 27, 36*u - 38*u - 2*l + 50 = 0. Suppose 8*o + 9036 = u*o. What is the units digit of o?
2
Let i be (-48)/(-360) + (-160172)/15. What is the hundreds digit of 3/30 - i/20?
5
Suppose d - 89676 = -3*v, v - 59792 = -v + 2*d. What is the hundreds digit of v?
8
Let g = 3818 + 15676. What is the tens digit of g?
9
Suppose 10*j - 3*r + 8013 = 11*j, 11*r = -4*j + 32054. What is the units digit of j?
9
Let f(w) = -w**3 + 6*w**2 - 4*w - 6. Let v be f(3). Let m(g) = 26*g - v*g - 9 + g**2 - 14*g. What is the tens digit of m(6)?
4
Let i = -50930 - -73322. What is the thousands digit of i?
2
Suppose -5 = z, 3*f + 5*z - 1154 = -291. Suppose -3*d = -2*y - 1453, 2*y + 183 = d - f. What is the tens digit of d?
8
Let b(m) = -m**2 + 6*m - 10. Let c be b(3). Let f be c/12*-3*0. Suppose 2*x - 2*r - 176 = f, 0*r - 15 = 3*r. What is the tens digit of x?
8
Let n(c) = -c - 2. Let g be n(-5). Let a(j) = j**g + 16*j**2 + 8*j - 4 - 2*j**3 - 23*j**2. What is the units digit of a(-10)?
6
Suppose 300*v = 301*v - 830. Suppose 5*j = -3*z + 1247, 4*j = z - 3*z + v. What is the hundreds digit of z?
4
Let y be (-2 + 2 - -14) + 3. Sup